{"id":9,"date":"2025-06-04T21:25:04","date_gmt":"2025-06-04T19:25:04","guid":{"rendered":"http:\/\/vf-occ.fr\/?page_id=9"},"modified":"2025-09-04T04:50:49","modified_gmt":"2025-09-04T02:50:49","slug":"actualite","status":"publish","type":"page","link":"https:\/\/vf-occ.fr\/index.php\/actualite\/","title":{"rendered":"Actualit\u00e9"},"content":{"rendered":"<h2>Bient\u00f4t la rentr\u00e9e 2025 !<\/h2>\n<figure><img decoding=\"async\" src=\"http:\/\/vf-occ.fr\/wp-content\/uploads\/elementor\/thumbs\/489955620_2334806846903085_8577244573453392758_n-r6ttdut6ym1ozw093v1oedmqsoolmkaq7rvhe8z2z4.jpg\" alt=\"489955620_2334806846903085_8577244573453392758_n\" \/><\/figure>\n<figure><img decoding=\"async\" src=\"http:\/\/vf-occ.fr\/wp-content\/uploads\/elementor\/thumbs\/2046321-42921912-2560-1440-r6tu56y7q5gwnmaqh6g2ezacr3xwhntoz2wuuyfw0g.jpg\" alt=\"2046321-42921912-2560-1440\" \/><\/figure>\n<figure><img decoding=\"async\" src=\"http:\/\/vf-occ.fr\/wp-content\/uploads\/elementor\/thumbs\/banniere-escrime-esmt-1400x674-1-r6turq4xk6bcz3kfwf33osl5emvo0ga1qlww0r14uo.jpg\" alt=\"banniere-escrime-esmt-1400x674-1\" \/><\/figure>\n<figure><img decoding=\"async\" src=\"http:\/\/vf-occ.fr\/wp-content\/uploads\/elementor\/thumbs\/definitive-sabre-laser-r6vaiez4x0748lwn3krusr0zyxx1jj11u2g8op7ahc.jpg\" alt=\"definitive-sabre-laser\" \/><\/figure>\n<p>\t\t\t\t\t\t<svg aria-hidden=\"true\" viewBox=\"0 0 320 512\" xmlns=\"http:\/\/www.w3.org\/2000\/svg\"><path d=\"M34.52 239.03L228.87 44.69c9.37-9.37 24.57-9.37 33.94 0l22.67 22.67c9.36 9.36 9.37 24.52.04 33.9L131.49 256l154.02 154.75c9.34 9.38 9.32 24.54-.04 33.9l-22.67 22.67c-9.37 9.37-24.57 9.37-33.94 0L34.52 272.97c-9.37-9.37-9.37-24.57 0-33.94z\"><\/path><\/svg><br \/>\n\t\t\t\t\t\t<svg aria-hidden=\"true\" viewBox=\"0 0 320 512\" xmlns=\"http:\/\/www.w3.org\/2000\/svg\"><path d=\"M285.476 272.971L91.132 467.314c-9.373 9.373-24.569 9.373-33.941 0l-22.667-22.667c-9.357-9.357-9.375-24.522-.04-33.901L188.505 256 34.484 101.255c-9.335-9.379-9.317-24.544.04-33.901l22.667-22.667c9.373-9.373 24.569-9.373 33.941 0L285.475 239.03c9.373 9.372 9.373 24.568.001 33.941z\"><\/path><\/svg>\t\t\t\t\t<\/p>\n<p dir=\"auto\">Chers escrimeurs,<\/p>\n<p dir=\"auto\">Nous sommes ravis de vous accueillir pour une nouvelle ann\u00e9e acad\u00e9mique ! Voici les informations essentielles pour bien d\u00e9marrer l&#8217;ann\u00e9e.<\/p>\n<h4>Inscription<\/h4>\n<p dir=\"auto\">\u00c0 Albi :<\/p>\n<ul>\n<li>Samedi 6 septembre, de 15h \u00e0 19h<\/li>\n<li>Mercredi 10 septembre, de 15h \u00e0 20h<\/li>\n<li>Samedi 20 septembre, \u00e0 partir de 14h30<\/li>\n<\/ul>\n<p>\u00a0<\/p>\n<p dir=\"auto\">\u00c0 Gaillac :<\/p>\n<ul>\n<li>Jeudi 11 septembre, de 18h \u00e0 20h<\/li>\n<\/ul>\n<p>\u00a0<\/p>\n<p dir=\"auto\">Nous serons l\u00e0 pour vous accueillir et vous aider avec toutes vos questions.<\/p>\n<h4>Reprise des cours<\/h4>\n<p dir=\"auto\">Les cours reprendront selon le calendrier suivant :<\/p>\n<ul>\n<li>\u00c0 Albi : Mercredi 17 septembre<\/li>\n<li>\u00c0 Gaillac : Jeudi 18 septembre<\/li>\n<\/ul>\n<p>\u00a0<\/p>\n<p dir=\"auto\">Nous avons h\u00e2te de vous voir et de partager cette nouvelle ann\u00e9e avec vous. \u00c0 tr\u00e8s bient\u00f4t !<\/p>\n<h2>Devenez un chevalier jedi<\/h2>\n<figure><img decoding=\"async\" src=\"http:\/\/vf-occ.fr\/wp-content\/uploads\/elementor\/thumbs\/489955620_2334806846903085_8577244573453392758_n-r6ttdut6ym1ozw093v1oedmqsoolmkaq7rvhe8z2z4.jpg\" alt=\"489955620_2334806846903085_8577244573453392758_n\" \/><\/figure>\n<figure><img decoding=\"async\" src=\"http:\/\/vf-occ.fr\/wp-content\/uploads\/elementor\/thumbs\/2046321-42921912-2560-1440-r6tu56y7q5gwnmaqh6g2ezacr3xwhntoz2wuuyfw0g.jpg\" alt=\"2046321-42921912-2560-1440\" \/><\/figure>\n<figure><img decoding=\"async\" src=\"http:\/\/vf-occ.fr\/wp-content\/uploads\/elementor\/thumbs\/banniere-escrime-esmt-1400x674-1-r6turq4xk6bcz3kfwf33osl5emvo0ga1qlww0r14uo.jpg\" alt=\"banniere-escrime-esmt-1400x674-1\" \/><\/figure>\n<figure><img decoding=\"async\" src=\"http:\/\/vf-occ.fr\/wp-content\/uploads\/elementor\/thumbs\/definitive-sabre-laser-r6vaiez4x0748lwn3krusr0zyxx1jj11u2g8op7ahc.jpg\" alt=\"definitive-sabre-laser\" \/><\/figure>\n<p>\t\t\t\t\t\t<svg aria-hidden=\"true\" viewBox=\"0 0 320 512\" xmlns=\"http:\/\/www.w3.org\/2000\/svg\"><path d=\"M34.52 239.03L228.87 44.69c9.37-9.37 24.57-9.37 33.94 0l22.67 22.67c9.36 9.36 9.37 24.52.04 33.9L131.49 256l154.02 154.75c9.34 9.38 9.32 24.54-.04 33.9l-22.67 22.67c-9.37 9.37-24.57 9.37-33.94 0L34.52 272.97c-9.37-9.37-9.37-24.57 0-33.94z\"><\/path><\/svg><br \/>\n\t\t\t\t\t\t<svg aria-hidden=\"true\" viewBox=\"0 0 320 512\" xmlns=\"http:\/\/www.w3.org\/2000\/svg\"><path d=\"M285.476 272.971L91.132 467.314c-9.373 9.373-24.569 9.373-33.941 0l-22.667-22.667c-9.357-9.357-9.375-24.522-.04-33.901L188.505 256 34.484 101.255c-9.335-9.379-9.317-24.544.04-33.901l22.667-22.667c9.373-9.373 24.569-9.373 33.941 0L285.475 239.03c9.373 9.372 9.373 24.568.001 33.941z\"><\/path><\/svg>\t\t\t\t\t<\/p>\n<h4>Apprenez a manier votre sabre laser<\/h4>\n<p>Commencez votre initiation de jeune padawan a Albi, partez a la d\u00e9couverte des technique de combats jedi pour perfectionner votre art.<\/p>\n<ul>\n<li>technique offensive<\/li>\n<li>technique defensive\u00a0<\/li>\n<li>esquive<\/li>\n<\/ul>\n<p>\u00a0<\/p>\n<p dir=\"auto\">\u00a0<\/p>\n<h4>Maitrisez la force<\/h4>\n<p>Apprenez a canaliser votre energie et entrainer votre focus tout en malmenant vos adversaires.<\/p>\n<ul>\n<li>ouvert aux participants de plus de 14 ans<\/li>\n<\/ul>\n<p>\u00a0<\/p>\n<p>May the force be with you<\/p>\n<h2>D\u00e9couvrez l&#8217;escrime avec nous !<\/h2>\n<figure><img decoding=\"async\" src=\"http:\/\/vf-occ.fr\/wp-content\/uploads\/elementor\/thumbs\/489955620_2334806846903085_8577244573453392758_n-r6ttdut6ym1ozw093v1oedmqsoolmkaq7rvhe8z2z4.jpg\" alt=\"489955620_2334806846903085_8577244573453392758_n\" \/><\/figure>\n<figure><img decoding=\"async\" src=\"http:\/\/vf-occ.fr\/wp-content\/uploads\/elementor\/thumbs\/2046321-42921912-2560-1440-r6tu56y7q5gwnmaqh6g2ezacr3xwhntoz2wuuyfw0g.jpg\" alt=\"2046321-42921912-2560-1440\" \/><\/figure>\n<figure><img decoding=\"async\" src=\"http:\/\/vf-occ.fr\/wp-content\/uploads\/elementor\/thumbs\/banniere-escrime-esmt-1400x674-1-r6turq4xk6bcz3kfwf33osl5emvo0ga1qlww0r14uo.jpg\" alt=\"banniere-escrime-esmt-1400x674-1\" \/><\/figure>\n<figure><img decoding=\"async\" src=\"http:\/\/vf-occ.fr\/wp-content\/uploads\/elementor\/thumbs\/definitive-sabre-laser-r6vaiez4x0748lwn3krusr0zyxx1jj11u2g8op7ahc.jpg\" alt=\"definitive-sabre-laser\" \/><\/figure>\n<p>\t\t\t\t\t\t<svg aria-hidden=\"true\" viewBox=\"0 0 320 512\" xmlns=\"http:\/\/www.w3.org\/2000\/svg\"><path d=\"M34.52 239.03L228.87 44.69c9.37-9.37 24.57-9.37 33.94 0l22.67 22.67c9.36 9.36 9.37 24.52.04 33.9L131.49 256l154.02 154.75c9.34 9.38 9.32 24.54-.04 33.9l-22.67 22.67c-9.37 9.37-24.57 9.37-33.94 0L34.52 272.97c-9.37-9.37-9.37-24.57 0-33.94z\"><\/path><\/svg><br \/>\n\t\t\t\t\t\t<svg aria-hidden=\"true\" viewBox=\"0 0 320 512\" xmlns=\"http:\/\/www.w3.org\/2000\/svg\"><path d=\"M285.476 272.971L91.132 467.314c-9.373 9.373-24.569 9.373-33.941 0l-22.667-22.667c-9.357-9.357-9.375-24.522-.04-33.901L188.505 256 34.484 101.255c-9.335-9.379-9.317-24.544.04-33.901l22.667-22.667c9.373-9.373 24.569-9.373 33.941 0L285.475 239.03c9.373 9.372 9.373 24.568.001 33.941z\"><\/path><\/svg>\t\t\t\t\t<\/p>\n<p dir=\"auto\">Vous \u00eates invit\u00e9s \u00e0 des s\u00e9ances d&#8217;initiation et des portes ouvertes organis\u00e9es par le cercle d&#8217;escrime d&#8217;Albi.<\/p>\n<p dir=\"auto\">\u00c0 Albi :<\/p>\n<ul>\n<li>Mercredi 10 septembre, \u00e0 partir de 14h30<\/li>\n<li>Samedi 20 septembre, \u00e0 partir de 14h30<\/li>\n<\/ul>\n<p>\u00a0<\/p>\n<p dir=\"auto\">\u00c0 Gaillac :<\/p>\n<ul>\n<li>Jeudi 11 septembre, \u00e0 partir de 18h<\/li>\n<\/ul>\n<p>\u00a0<\/p>\n<p dir=\"auto\">Venez essayer l&#8217;escrime et d\u00e9couvrir ce sport passionnant !<\/p>\n<h4>Sports sur les berges du Tarn<\/h4>\n<p dir=\"auto\">Rejoignez-nous pour une journ\u00e9e de sports en plein air :<\/p>\n<ul>\n<li>Jeudi 31 juillet, de 10h \u00e0 18h<\/li>\n<\/ul>\n<p>\u00a0<\/p>\n<p dir=\"auto\">Profitez d&#8217;une journ\u00e9e remplie d&#8217;activit\u00e9s en bord de rivi\u00e8re !<\/p>\n<h4>Vital Sport D\u00e9cathlon<\/h4>\n<p dir=\"auto\">Ne manquez pas cet \u00e9v\u00e9nement sportif organis\u00e9 par D\u00e9cathlon :<\/p>\n<ul>\n<li>Samedi 6 septembre, de 9h \u00e0 18h<\/li>\n<\/ul>\n<h4>F\u00eate des associations<\/h4>\n<p dir=\"auto\">C\u00e9l\u00e9brez avec nous la f\u00eate des associations :<\/p>\n<p dir=\"auto\">\u00c0 Gaillac :<\/p>\n<ul>\n<li>Samedi 6 septembre<\/li>\n<\/ul>\n<p dir=\"auto\">\u00c0 Albi :<\/p>\n<ul>\n<li>Samedi 13 septembre<\/li>\n<\/ul>\n<p>\u00a0<\/p>\n<p dir=\"auto\">Nous avons h\u00e2te de vous y voir et de partager ces moments sportifs et conviviaux avec vous !<\/p>\n<p dir=\"auto\">\u00c0 tr\u00e8s bient\u00f4t !<\/p>\n<h2>D\u00e9couvrez l&#8217;escrime avec nous !<\/h2>\n<figure><img decoding=\"async\" src=\"http:\/\/vf-occ.fr\/wp-content\/uploads\/elementor\/thumbs\/489955620_2334806846903085_8577244573453392758_n-r6ttdut6ym1ozw093v1oedmqsoolmkaq7rvhe8z2z4.jpg\" alt=\"489955620_2334806846903085_8577244573453392758_n\" \/><\/figure>\n<figure><img decoding=\"async\" src=\"http:\/\/vf-occ.fr\/wp-content\/uploads\/elementor\/thumbs\/2046321-42921912-2560-1440-r6tu56y7q5gwnmaqh6g2ezacr3xwhntoz2wuuyfw0g.jpg\" alt=\"2046321-42921912-2560-1440\" \/><\/figure>\n<figure><img decoding=\"async\" src=\"http:\/\/vf-occ.fr\/wp-content\/uploads\/elementor\/thumbs\/banniere-escrime-esmt-1400x674-1-r6turq4xk6bcz3kfwf33osl5emvo0ga1qlww0r14uo.jpg\" alt=\"banniere-escrime-esmt-1400x674-1\" \/><\/figure>\n<figure><img decoding=\"async\" src=\"http:\/\/vf-occ.fr\/wp-content\/uploads\/elementor\/thumbs\/definitive-sabre-laser-r6vaiez4x0748lwn3krusr0zyxx1jj11u2g8op7ahc.jpg\" alt=\"definitive-sabre-laser\" \/><\/figure>\n<p>\t\t\t\t\t\t<svg aria-hidden=\"true\" viewBox=\"0 0 320 512\" xmlns=\"http:\/\/www.w3.org\/2000\/svg\"><path d=\"M34.52 239.03L228.87 44.69c9.37-9.37 24.57-9.37 33.94 0l22.67 22.67c9.36 9.36 9.37 24.52.04 33.9L131.49 256l154.02 154.75c9.34 9.38 9.32 24.54-.04 33.9l-22.67 22.67c-9.37 9.37-24.57 9.37-33.94 0L34.52 272.97c-9.37-9.37-9.37-24.57 0-33.94z\"><\/path><\/svg><br \/>\n\t\t\t\t\t\t<svg aria-hidden=\"true\" viewBox=\"0 0 320 512\" xmlns=\"http:\/\/www.w3.org\/2000\/svg\"><path d=\"M285.476 272.971L91.132 467.314c-9.373 9.373-24.569 9.373-33.941 0l-22.667-22.667c-9.357-9.357-9.375-24.522-.04-33.901L188.505 256 34.484 101.255c-9.335-9.379-9.317-24.544.04-33.901l22.667-22.667c9.373-9.373 24.569-9.373 33.941 0L285.475 239.03c9.373 9.372 9.373 24.568.001 33.941z\"><\/path><\/svg>\t\t\t\t\t<\/p>\n<p dir=\"auto\">Vous \u00eates invit\u00e9s \u00e0 des s\u00e9ances d&#8217;initiation et des portes ouvertes organis\u00e9es par le cercle d&#8217;escrime d&#8217;Albi.<\/p>\n<p dir=\"auto\">\u00c0 Albi :<\/p>\n<ul>\n<li>Mercredi 10 septembre, \u00e0 partir de 14h30<\/li>\n<li>Samedi 20 septembre, \u00e0 partir de 14h30<\/li>\n<\/ul>\n<p>\u00a0<\/p>\n<p dir=\"auto\">\u00c0 Gaillac :<\/p>\n<ul>\n<li>Jeudi 11 septembre, \u00e0 partir de 18h<\/li>\n<\/ul>\n<p>\u00a0<\/p>\n<p dir=\"auto\">Venez essayer l&#8217;escrime et d\u00e9couvrir ce sport passionnant !<\/p>\n<h4>Sports sur les berges du Tarn<\/h4>\n<p dir=\"auto\">Rejoignez-nous pour une journ\u00e9e de sports en plein air :<\/p>\n<ul>\n<li>Jeudi 31 juillet, de 10h \u00e0 18h<\/li>\n<\/ul>\n<p>\u00a0<\/p>\n<p dir=\"auto\">Profitez d&#8217;une journ\u00e9e remplie d&#8217;activit\u00e9s en bord de rivi\u00e8re !<\/p>\n<h4>Vital Sport D\u00e9cathlon<\/h4>\n<p dir=\"auto\">Ne manquez pas cet \u00e9v\u00e9nement sportif organis\u00e9 par D\u00e9cathlon :<\/p>\n<ul>\n<li>Samedi 6 septembre, de 9h \u00e0 18h<\/li>\n<\/ul>\n<h4>F\u00eate des associations<\/h4>\n<p dir=\"auto\">C\u00e9l\u00e9brez avec nous la f\u00eate des associations :<\/p>\n<p dir=\"auto\">\u00c0 Gaillac :<\/p>\n<ul>\n<li>Samedi 6 septembre<\/li>\n<\/ul>\n<p dir=\"auto\">\u00c0 Albi :<\/p>\n<ul>\n<li>Samedi 13 septembre<\/li>\n<\/ul>\n<p>\u00a0<\/p>\n<p dir=\"auto\">Nous avons h\u00e2te de vous y voir et de partager ces moments sportifs et conviviaux avec vous !<\/p>\n<p dir=\"auto\">\u00c0 tr\u00e8s bient\u00f4t !<\/p>\n","protected":false},"excerpt":{"rendered":"<p>Bient\u00f4t la rentr\u00e9e 2025 ! Chers escrimeurs, Nous sommes ravis de vous accueillir pour une nouvelle ann\u00e9e acad\u00e9mique ! Voici les informations essentielles pour bien d\u00e9marrer l&#8217;ann\u00e9e. Inscription \u00c0 Albi : Samedi 6 septembre, de 15h \u00e0 19h Mercredi 10 septembre, de 15h \u00e0 20h Samedi 20 septembre, \u00e0 partir de 14h30 \u00a0 \u00c0 Gaillac [&hellip;]<\/p>\n","protected":false},"author":1,"featured_media":0,"parent":0,"menu_order":0,"comment_status":"closed","ping_status":"open","template":"","meta":{"footnotes":""},"class_list":["post-9","page","type-page","status-publish","hentry"],"yoast_head":"<!-- This site is optimized with the Yoast SEO plugin v25.7 - https:\/\/yoast.com\/wordpress\/plugins\/seo\/ -->\n<title>Actualit\u00e9 - Cercle Escrime d&#039;Albi<\/title>\n<meta name=\"robots\" content=\"index, follow, max-snippet:-1, max-image-preview:large, max-video-preview:-1\" \/>\n<link rel=\"canonical\" href=\"https:\/\/vf-occ.fr\/index.php\/actualite\/\" \/>\n<meta property=\"og:locale\" content=\"en_US\" \/>\n<meta property=\"og:type\" content=\"article\" \/>\n<meta property=\"og:title\" content=\"Actualit\u00e9 - Cercle Escrime d&#039;Albi\" \/>\n<meta property=\"og:description\" content=\"Bient\u00f4t la rentr\u00e9e 2025 ! Chers escrimeurs, Nous sommes ravis de vous accueillir pour une nouvelle ann\u00e9e acad\u00e9mique ! Voici les informations essentielles pour bien d\u00e9marrer l&#8217;ann\u00e9e. Inscription \u00c0 Albi : Samedi 6 septembre, de 15h \u00e0 19h Mercredi 10 septembre, de 15h \u00e0 20h Samedi 20 septembre, \u00e0 partir de 14h30 \u00a0 \u00c0 Gaillac [&hellip;]\" \/>\n<meta property=\"og:url\" content=\"https:\/\/vf-occ.fr\/index.php\/actualite\/\" \/>\n<meta property=\"og:site_name\" content=\"Cercle Escrime d&#039;Albi\" \/>\n<meta property=\"article:modified_time\" content=\"2025-09-04T02:50:49+00:00\" \/>\n<meta property=\"og:image\" content=\"http:\/\/vf-occ.fr\/wp-content\/uploads\/elementor\/thumbs\/489955620_2334806846903085_8577244573453392758_n-r6ttdut6ym1ozw093v1oedmqsoolmkaq7rvhe8z2z4.jpg\" \/>\n<meta name=\"twitter:card\" content=\"summary_large_image\" \/>\n<meta name=\"twitter:label1\" content=\"Est. reading time\" \/>\n\t<meta name=\"twitter:data1\" content=\"2 minutes\" \/>\n<script type=\"application\/ld+json\" class=\"yoast-schema-graph\">{\"@context\":\"https:\/\/schema.org\",\"@graph\":[{\"@type\":\"WebPage\",\"@id\":\"https:\/\/vf-occ.fr\/index.php\/actualite\/\",\"url\":\"https:\/\/vf-occ.fr\/index.php\/actualite\/\",\"name\":\"Actualit\u00e9 - Cercle Escrime d&#039;Albi\",\"isPartOf\":{\"@id\":\"https:\/\/vf-occ.fr\/#website\"},\"primaryImageOfPage\":{\"@id\":\"https:\/\/vf-occ.fr\/index.php\/actualite\/#primaryimage\"},\"image\":{\"@id\":\"https:\/\/vf-occ.fr\/index.php\/actualite\/#primaryimage\"},\"thumbnailUrl\":\"http:\/\/vf-occ.fr\/wp-content\/uploads\/elementor\/thumbs\/489955620_2334806846903085_8577244573453392758_n-r6ttdut6ym1ozw093v1oedmqsoolmkaq7rvhe8z2z4.jpg\",\"datePublished\":\"2025-06-04T19:25:04+00:00\",\"dateModified\":\"2025-09-04T02:50:49+00:00\",\"breadcrumb\":{\"@id\":\"https:\/\/vf-occ.fr\/index.php\/actualite\/#breadcrumb\"},\"inLanguage\":\"en-US\",\"potentialAction\":[{\"@type\":\"ReadAction\",\"target\":[\"https:\/\/vf-occ.fr\/index.php\/actualite\/\"]}]},{\"@type\":\"ImageObject\",\"inLanguage\":\"en-US\",\"@id\":\"https:\/\/vf-occ.fr\/index.php\/actualite\/#primaryimage\",\"url\":\"http:\/\/vf-occ.fr\/wp-content\/uploads\/elementor\/thumbs\/489955620_2334806846903085_8577244573453392758_n-r6ttdut6ym1ozw093v1oedmqsoolmkaq7rvhe8z2z4.jpg\",\"contentUrl\":\"http:\/\/vf-occ.fr\/wp-content\/uploads\/elementor\/thumbs\/489955620_2334806846903085_8577244573453392758_n-r6ttdut6ym1ozw093v1oedmqsoolmkaq7rvhe8z2z4.jpg\"},{\"@type\":\"BreadcrumbList\",\"@id\":\"https:\/\/vf-occ.fr\/index.php\/actualite\/#breadcrumb\",\"itemListElement\":[{\"@type\":\"ListItem\",\"position\":1,\"name\":\"Home\",\"item\":\"https:\/\/vf-occ.fr\/\"},{\"@type\":\"ListItem\",\"position\":2,\"name\":\"Actualit\u00e9\"}]},{\"@type\":\"WebSite\",\"@id\":\"https:\/\/vf-occ.fr\/#website\",\"url\":\"https:\/\/vf-occ.fr\/\",\"name\":\"Cercle Escrime d&#039;Albi\",\"description\":\"En garde, pr\u00eat, allez !\",\"publisher\":{\"@id\":\"https:\/\/vf-occ.fr\/#organization\"},\"potentialAction\":[{\"@type\":\"SearchAction\",\"target\":{\"@type\":\"EntryPoint\",\"urlTemplate\":\"https:\/\/vf-occ.fr\/?s={search_term_string}\"},\"query-input\":{\"@type\":\"PropertyValueSpecification\",\"valueRequired\":true,\"valueName\":\"search_term_string\"}}],\"inLanguage\":\"en-US\"},{\"@type\":\"Organization\",\"@id\":\"https:\/\/vf-occ.fr\/#organization\",\"name\":\"Cercle Escrime d&#039;Albi\",\"url\":\"https:\/\/vf-occ.fr\/\",\"logo\":{\"@type\":\"ImageObject\",\"inLanguage\":\"en-US\",\"@id\":\"https:\/\/vf-occ.fr\/#\/schema\/logo\/image\/\",\"url\":\"https:\/\/vf-occ.fr\/wp-content\/uploads\/2025\/06\/cropped-cercle-descrime-albi.png\",\"contentUrl\":\"https:\/\/vf-occ.fr\/wp-content\/uploads\/2025\/06\/cropped-cercle-descrime-albi.png\",\"width\":512,\"height\":512,\"caption\":\"Cercle Escrime d&#039;Albi\"},\"image\":{\"@id\":\"https:\/\/vf-occ.fr\/#\/schema\/logo\/image\/\"}}]}<\/script>\n<!-- \/ Yoast SEO plugin. -->","yoast_head_json":{"title":"Actualit\u00e9 - Cercle Escrime d&#039;Albi","robots":{"index":"index","follow":"follow","max-snippet":"max-snippet:-1","max-image-preview":"max-image-preview:large","max-video-preview":"max-video-preview:-1"},"canonical":"https:\/\/vf-occ.fr\/index.php\/actualite\/","og_locale":"en_US","og_type":"article","og_title":"Actualit\u00e9 - Cercle Escrime d&#039;Albi","og_description":"Bient\u00f4t la rentr\u00e9e 2025 ! Chers escrimeurs, Nous sommes ravis de vous accueillir pour une nouvelle ann\u00e9e acad\u00e9mique ! Voici les informations essentielles pour bien d\u00e9marrer l&#8217;ann\u00e9e. Inscription \u00c0 Albi : Samedi 6 septembre, de 15h \u00e0 19h Mercredi 10 septembre, de 15h \u00e0 20h Samedi 20 septembre, \u00e0 partir de 14h30 \u00a0 \u00c0 Gaillac [&hellip;]","og_url":"https:\/\/vf-occ.fr\/index.php\/actualite\/","og_site_name":"Cercle Escrime d&#039;Albi","article_modified_time":"2025-09-04T02:50:49+00:00","og_image":[{"url":"http:\/\/vf-occ.fr\/wp-content\/uploads\/elementor\/thumbs\/489955620_2334806846903085_8577244573453392758_n-r6ttdut6ym1ozw093v1oedmqsoolmkaq7rvhe8z2z4.jpg","type":"","width":"","height":""}],"twitter_card":"summary_large_image","twitter_misc":{"Est. reading time":"2 minutes"},"schema":{"@context":"https:\/\/schema.org","@graph":[{"@type":"WebPage","@id":"https:\/\/vf-occ.fr\/index.php\/actualite\/","url":"https:\/\/vf-occ.fr\/index.php\/actualite\/","name":"Actualit\u00e9 - Cercle Escrime d&#039;Albi","isPartOf":{"@id":"https:\/\/vf-occ.fr\/#website"},"primaryImageOfPage":{"@id":"https:\/\/vf-occ.fr\/index.php\/actualite\/#primaryimage"},"image":{"@id":"https:\/\/vf-occ.fr\/index.php\/actualite\/#primaryimage"},"thumbnailUrl":"http:\/\/vf-occ.fr\/wp-content\/uploads\/elementor\/thumbs\/489955620_2334806846903085_8577244573453392758_n-r6ttdut6ym1ozw093v1oedmqsoolmkaq7rvhe8z2z4.jpg","datePublished":"2025-06-04T19:25:04+00:00","dateModified":"2025-09-04T02:50:49+00:00","breadcrumb":{"@id":"https:\/\/vf-occ.fr\/index.php\/actualite\/#breadcrumb"},"inLanguage":"en-US","potentialAction":[{"@type":"ReadAction","target":["https:\/\/vf-occ.fr\/index.php\/actualite\/"]}]},{"@type":"ImageObject","inLanguage":"en-US","@id":"https:\/\/vf-occ.fr\/index.php\/actualite\/#primaryimage","url":"http:\/\/vf-occ.fr\/wp-content\/uploads\/elementor\/thumbs\/489955620_2334806846903085_8577244573453392758_n-r6ttdut6ym1ozw093v1oedmqsoolmkaq7rvhe8z2z4.jpg","contentUrl":"http:\/\/vf-occ.fr\/wp-content\/uploads\/elementor\/thumbs\/489955620_2334806846903085_8577244573453392758_n-r6ttdut6ym1ozw093v1oedmqsoolmkaq7rvhe8z2z4.jpg"},{"@type":"BreadcrumbList","@id":"https:\/\/vf-occ.fr\/index.php\/actualite\/#breadcrumb","itemListElement":[{"@type":"ListItem","position":1,"name":"Home","item":"https:\/\/vf-occ.fr\/"},{"@type":"ListItem","position":2,"name":"Actualit\u00e9"}]},{"@type":"WebSite","@id":"https:\/\/vf-occ.fr\/#website","url":"https:\/\/vf-occ.fr\/","name":"Cercle Escrime d&#039;Albi","description":"En garde, pr\u00eat, allez !","publisher":{"@id":"https:\/\/vf-occ.fr\/#organization"},"potentialAction":[{"@type":"SearchAction","target":{"@type":"EntryPoint","urlTemplate":"https:\/\/vf-occ.fr\/?s={search_term_string}"},"query-input":{"@type":"PropertyValueSpecification","valueRequired":true,"valueName":"search_term_string"}}],"inLanguage":"en-US"},{"@type":"Organization","@id":"https:\/\/vf-occ.fr\/#organization","name":"Cercle Escrime d&#039;Albi","url":"https:\/\/vf-occ.fr\/","logo":{"@type":"ImageObject","inLanguage":"en-US","@id":"https:\/\/vf-occ.fr\/#\/schema\/logo\/image\/","url":"https:\/\/vf-occ.fr\/wp-content\/uploads\/2025\/06\/cropped-cercle-descrime-albi.png","contentUrl":"https:\/\/vf-occ.fr\/wp-content\/uploads\/2025\/06\/cropped-cercle-descrime-albi.png","width":512,"height":512,"caption":"Cercle Escrime d&#039;Albi"},"image":{"@id":"https:\/\/vf-occ.fr\/#\/schema\/logo\/image\/"}}]}},"_links":{"self":[{"href":"https:\/\/vf-occ.fr\/index.php\/wp-json\/wp\/v2\/pages\/9","targetHints":{"allow":["GET"]}}],"collection":[{"href":"https:\/\/vf-occ.fr\/index.php\/wp-json\/wp\/v2\/pages"}],"about":[{"href":"https:\/\/vf-occ.fr\/index.php\/wp-json\/wp\/v2\/types\/page"}],"author":[{"embeddable":true,"href":"https:\/\/vf-occ.fr\/index.php\/wp-json\/wp\/v2\/users\/1"}],"replies":[{"embeddable":true,"href":"https:\/\/vf-occ.fr\/index.php\/wp-json\/wp\/v2\/comments?post=9"}],"version-history":[{"count":104,"href":"https:\/\/vf-occ.fr\/index.php\/wp-json\/wp\/v2\/pages\/9\/revisions"}],"predecessor-version":[{"id":740,"href":"https:\/\/vf-occ.fr\/index.php\/wp-json\/wp\/v2\/pages\/9\/revisions\/740"}],"wp:attachment":[{"href":"https:\/\/vf-occ.fr\/index.php\/wp-json\/wp\/v2\/media?parent=9"}],"curies":[{"name":"wp","href":"https:\/\/api.w.org\/{rel}","templated":true}]}}